posite number?
False
Let a be ((96/(-28))/3)/(1/(-7)). Let j(b) = -2*b**2 - 15*b - 8. Let f(h) = -h**2 - 5*h - 3. Let x(y) = -7*f(y) + 2*j(y). Is x(a) composite?
True
Let z = -961 + 1423. Suppose 155 = -h + 4*o, -5*o + z = -2*h + 140. Let p = -53 - h. Is p prime?
False
Let x = 56244 - 22205. Is x prime?
True
Let b(v) = -237*v + 155. Is b(-8) a prime number?
False
Let d(i) = 77*i**2 - 7*i - 15. Let o = 8 - 1. Is d(o) composite?
False
Let h(v) = 4550*v**2 - 5*v + 9. Is h(2) composite?
False
Let w(t) = 5010*t + 181. Is w(4) a composite number?
True
Let d be (6/(-15))/(5/175). Let k be (-16)/(-56) - (-18)/d. Let u(z) = -587*z. Is u(k) a prime number?
True
Suppose -8*q - 8*q = -2*q. Is (q + -2)*(477/(-2) + -1) a prime number?
True
Suppose -5 = -3*w - 2*w, 2*t + 4*w - 166 = 0. Suppose -234 = -9*o + t. Is o a prime number?
False
Suppose 0 = -5*g + 2*g + 3. Suppose -f = -g, -2*u - 2*u - 5*f = -6717. Is u a composite number?
True
Suppose -5*r = 3*y + 19, 0 = -5*y + y - 5*r - 17. Suppose 5*l - 562 = -4*d + 563, -5*l + y*d = -1095. Is l composite?
True
Suppose 159 = 5*j + 24. Suppose 0 = 31*x - j*x - 1324. Is x prime?
True
Let g(t) = 70*t + 7. Let v(u) = -1. Let k(r) = g(r) + 3*v(r). Let j be k(2). Let a = j + -53. Is a prime?
False
Let k(b) = 380*b**3 - 8*b**2 + 2*b + 117. Is k(7) prime?
True
Let z(f) = -2*f + 12. Let x be z(5). Suppose -x*s - 12 = s. Is ((-46)/(-4))/((-1)/s) composite?
True
Suppose 2*l - 4 = 4*r, -2*r - r = -l + 2. Suppose b - 133 - 394 = r. Let t = b + -16. Is t a prime number?
False
Suppose -h + 5*k = -31, -2*h - 53 + 147 = -2*k. Let t = 9 + h. Let y = t + -7. Is y composite?
False
Suppose 5*o - 1291 = -2*r, -9*o + 5*o - 12 = 0. Is r a prime number?
True
Let v = -16 - -19. Suppose -1720 = -v*p + 7*p. Let q = p + 845. Is q prime?
False
Suppose -13*j = -3*j - 36090. Suppose 2*q + 4 = 0, -5*f = -2*q - 5650 - j. Is f a composite number?
True
Is ((-64837)/(-92))/(1/4) prime?
True
Let j(g) = 35*g. Let d(o) = -o**2 - 1. Let q(h) = -2*d(h) - j(h). Is q(-21) prime?
True
Let t(c) = c**3 + 6*c**2 - 2*c - 8. Let z be t(-6). Let s(r) = -8*r - z - 6*r - 11*r. Is s(-5) prime?
False
Let n(t) = -38*t + 225*t - 10 + 3 + 3. Let g be n(2). Suppose -5*m + g = -3*m. Is m composite?
True
Suppose -3*b + 947 = 5*y, y + 0*y - 186 = -4*b. Let x = -113 + y. Is x prime?
False
Suppose -12*l = -13*l - 3. Is (-4)/l - 38855/(-57) a composite number?
False
Is ((-9)/(630/28))/(4/(-247630)) composite?
False
Let d(t) = -t**3 + 8*t**2 + t - 27. Let q be d(9). Let o = 157 + q. Is o prime?
False
Let a = -2713 - -5774. Is a a composite number?
False
Let i(t) = 157*t**2 + 33*t - 105. Is i(14) a composite number?
True
Suppose -3*j + 1640 = -3*n - 2*n, 2721 = 5*j + 4*n. Suppose -5*f = i - f - j, 0 = -5*f + 10. Is i a prime number?
False
Let p(u) = u**2 + u + 1. Let b(r) = 35. Let z(n) = b(n) - 2*p(n). Is z(0) prime?
False
Let o be (-11)/(-2) + 6/(-4). Suppose -4*m + 2329 = 3*p, 6*p - 581 = -m + o*p. Is m composite?
True
Suppose 11428 = 3*r - 2*v, 5*v - 1756 = -r + 2076. Suppose 5*u + 15 = 0, f - 2*u + r = 3*f. Is f a composite number?
True
Suppose 5*v - r - 11661 = -5*r, 4*v - 5*r = 9337. Is v prime?
True
Let f(c) be the third derivative of -c**6/120 + c**5/15 + 5*c**4/24 - c**3/3 + 3*c**2. Let g be f(5). Is (-7 + 9)*(-49)/g composite?
True
Let n be 0 + 23 + -1 + -2. Let d(m) = -n + 21 - 78*m - 88*m. Is d(-3) a composite number?
False
Suppose -2*t - 1028 = -5*n, -2*t - 20 = 3*t. Suppose -n = j - 3*j. Let r = -49 + j. Is r a prime number?
True
Let w = -3 + 6. Suppose -w*b + 204 = b. Is b*((-22)/(-6) - 3) prime?
False
Let v(p) = -5*p**3 + 2*p**2 + 4*p - 2. Let q(w) = -w + 2. Let n be q(6). Let j be v(n). Suppose 4*x + 2*r - 1476 - j = 0, 0 = -5*x + 3*r + 2246. Is x composite?
True
Let y(t) = 71*t - 37. Is y(10) a composite number?
False
Let x(g) = 5*g + 23*g**3 + 10*g**3 - 519*g**2 + 516*g**2 - 5. Is x(2) a prime number?
True
Suppose -6*w + 4160 = -2362. Is w a prime number?
True
Let m = -21 - -42. Suppose 5*t - 74 = m. Suppose 5*l + 4 = t. Is l prime?
True
Let n(m) = 43*m**3 - 3*m**2 - 3*m + 2. Let q(f) = 87*f**3 - 7*f**2 - 6*f + 3. Let o be 2*1 - (19 - 24). Let b(a) = o*n(a) - 3*q(a). Is b(2) composite?
True
Let i(s) = -s + 24. Let q be i(19). Let c(t) = -t**3 + t**2 + 4 - 8 + 2*t + 5*t**2. Is c(q) composite?
False
Let v = -5 + 7. Let y be (-3)/v + 2/4. Is y/(-2 + 9540/4772) prime?
True
Is 211/(2 - (-9)/(-5)) a composite number?
True
Let d(t) = 40*t**2 + 67. Is d(18) composite?
True
Suppose 0 = 4*h - 20, -14 = -y - 4*h + 8. Suppose y*d - 2962 = -2*d + 2*m, 0 = -4*m + 20. Is d a prime number?
True
Suppose -44351 = -5*n + 33434. Is n prime?
False
Let l(w) = w**3 + 36*w**2 + 54*w + 44. Is l(-19) a composite number?
True
Let s = 21 - 17. Suppose f - 1986 = -3*f + 5*t, 0 = f + s*t - 507. Is f composite?
False
Let d(x) be the third derivative of -99*x**4/8 + 13*x**3/6 - 10*x**2. Is d(-6) prime?
False
Let s = 13838 + -6252. Is s a composite number?
True
Suppose -2*l = 8, -x = -2*l - 4269 - 10102. Is x prime?
False
Let t be 152/16 - (-5)/2. Suppose 8*r = t*r - 3644. Is r a prime number?
True
Let n = -434 + 444. Let x(m) be the second derivative of -m**4/12 + 11*m**3/6 + 6*m**2 + m. Is x(n) prime?
False
Let k(t) = -t**3 + 7*t**2 + 6*t + 18. Let d be k(8). Suppose 0 = d*r + 136 - 1950. Is r a prime number?
True
Let z be -3*((-14350)/(-15))/(-7). Let l = z + -219. Is l a composite number?
False
Let g = -85 + -205. Let o = 553 + g. Is o prime?
True
Suppose 9 = 4*k - 3. Suppose 0 = k*r - 3*q - 546, -3*r - 3*q = 2*r - 934. Is r prime?
False
Suppose 0 = -19*f + 22*f - 4101. Is f prime?
True
Let p(n) = -n**3 + 16*n**2 - 16*n + 28. Let t(z) = 2*z**3 - 31*z**2 + 33*z - 56. Let h(f) = 9*p(f) + 4*t(f). Is h(19) a composite number?
True
Suppose 0*g + 4 = g. Suppose 3*o = -0*w - g*w - 6, -4*o = 3*w + 1. Is 422/o + (3 - 3) composite?
False
Suppose r + 9*u - 6*u = 7949, -u + 39745 = 5*r. Is r a composite number?
False
Suppose 237765 + 32185 = 50*a. Is a composite?
False
Let k(z) = 271*z - 3. Is k(10) prime?
True
Let y(m) = 16*m**2 + 8*m - 4. Let h(q) = -8*q**2 - 4*q + 2. Suppose -9 = -2*b + 2*x + 13, -4*x = -5*b + 51. Let g(w) = b*h(w) + 4*y(w). Is g(3) composite?
True
Suppose 0 = 3*u - r - 128410, u + 20*r - 42799 = 16*r. Is u a prime number?
False
Let z = -15534 + 26179. Is z a prime number?
False
Let w be 0/(1 + (-2 - 2)). Suppose w = -0*n - 2*n + 282. Is 1/(-4) - n/(-4) composite?
True
Let l(a) = -543*a - 1. Let f(d) = 1084*d + 2. Let p(v) = -6*f(v) - 13*l(v). Is p(4) prime?
True
Let q be 9/((-9)/2) + 1 + 6. Suppose -a + q*v = -5*a + 2517, 3*a + 5*v - 1884 = 0. Is a composite?
True
Let l = -15659 + 29178. Is l a prime number?
False
Let y be (-908)/(-36) - (-2)/(-9). Suppose -j - 5*u + y = 0, -3*u + 81 = 2*j + 31. Is 1 - j/(-1 - 0) composite?
True
Suppose 2*l - 4*j - 68562 = 78804, l - 5*j = 73698. Is l prime?
True
Let p(z) = -42*z**3 + 11*z**2 + 73*z + 7. Is p(-7) a composite number?
True
Let t(h) = -65*h - 36. Let r(b) = 98*b + 54. Let g(d) = -5*r(d) - 7*t(d). Is g(-5) composite?
False
Let u(v) = 380*v**2 + 12*v - 13. Is u(1) composite?
False
Let j(q) = 72*q - 11. Let h be j(-8). Let i = 1337 + h. Let p = -497 + i. Is p a composite number?
True
Suppose 837*a = 845*a + 28296. Let v = -11 - -18. Is (-6)/21 - a/v composite?
True
Suppose -45*g = -56*g + 2031931. Is g prime?
True
Let p be (0 - 159)/(2/(-4)). Let n be 22 - 1 - -2*(8 - 10). Let j = n + p. Is j a prime number?
False
Let p = -8321 - -13048. Is p prime?
False
Let g = 54 + -46. Suppose g*v - 6*v = 3530. Is v a composite number?
True
Let k(a) = a**2 - 2*a - 4. Let w be k(4). Suppose c - 4 = -2, -w*p + 602 = -3*c. Suppose 445 = 3*f - p. Is f composite?
False
Let s = 240 + 23. Is s prime?
True
Suppose 4*r - 4*s + 29 = r, 0 = r + 5*s + 35. Let l = r + 10. Let v = l + 79. Is v a prime number?
False
Let s(v) = 42*v + 2 - 1 + 0. Is s(11) composite?
False
Let o(v) = -178*v - 117. Is o(-37) prime?
True
Let z be 1 + 370 + 3*1. Suppose -5*a + z + 7191 = 0. Is a prime?
False
Suppose -35605 = 3*t + 2*i - 7*i, 35593 = -3*t - i. Is (-3)/24 - t/8 - -3 composite?
True
Suppose -r + l + l + 8 = 0, -2*r - 11 = 5*l. Is (4 - -714) + 2/r a prime number?
True
Is 32/(-12) + 3 + 1444400/75 prime?
True
Suppose -3*r + r + 131 = -5*h, 3*r - 9 = 0. Let o(p) = p**3